- 5 = 16*d. Suppose -5*p + 6 = 2*j - 14, j + 35 = d*p. Calculate the greatest common divisor of p and 4.
2
Suppose -5*z + b = -6*z + 4928, 2*b + 19718 = 4*z. What is the greatest common divisor of 318 and z?
159
Suppose 2*j + 0*k + 279 = 3*k, 3*k + 549 = -4*j. Let s = j + 211. Calculate the greatest common factor of s and 584.
73
Suppose 133*v = 145*v - 10500. Let w = v + -411. What is the greatest common factor of 16 and w?
16
Let q(j) = 9*j**2 + 80*j + 786. Let f be q(-6). What is the highest common divisor of f and 450?
90
Suppose -18*g + 21*g + 3 = 0. Let z(p) = -86*p - 7. Let k be z(g). Let j = -64 + k. What is the greatest common factor of 120 and j?
15
Let l be (-2 + -33 + 7)/(-2). Let d be -5*1 + (l - (-8 + -4)). What is the greatest common divisor of d and 189?
21
Suppose 88 = -11*y + 385. Suppose -4*w + 3*p + 556 = 99, 0 = 4*w + 2*p - 462. Let n = w + -112. Calculate the greatest common divisor of y and n.
3
Suppose -6435 = -5*a - 6*a - 4*a. What is the greatest common factor of 4147 and a?
143
Let m(o) = -5*o**3 - 23*o**2 + 19*o + 150. Let t be m(-7). Calculate the highest common divisor of t and 165.
55
Suppose 4*q = -c + 28, 3*c - 3*q + 87 - 246 = 0. Suppose -2211 = c*p - 51*p. Calculate the greatest common factor of 67 and p.
67
Let v(f) = 4*f + 20. Let u be v(0). Let s be 174/63*-3 - (-4)/14. Let i be 2524/18 + s/36. Calculate the highest common divisor of i and u.
20
Let a(p) = -p**3 + 12*p**2 + 40*p - 507. Let b be a(11). Calculate the highest common divisor of b and 78.
6
Let v(u) = -89*u - 930. Let q be v(-20). Calculate the greatest common divisor of q and 50.
50
Suppose 4*c = -3*p + 400, 0 = 4*p - 9*c + 5*c - 524. What is the greatest common factor of p and 36?
12
Let t be (8/(-14))/(12/(-42))*2. Suppose 2*u - 5 = 1. Suppose -422 = -t*v + b, 0 = -3*v + 5*b - u*b + 319. Calculate the highest common divisor of v and 21.
21
Let i = 36 - -68. Let z = -93 + i. Let v = 161 + -62. Calculate the greatest common divisor of z and v.
11
Suppose -203*r + 200*r = 66. Let h(b) = b**3 + 23*b**2 + 24*b + 45. Let l be h(r). Calculate the greatest common divisor of 17 and l.
1
Let o be (18 - 15) + 21*1. Suppose 5*w = 649 - 139. Suppose -4*i - 3*n + w = 0, -5*i = 2*n + 28 - 152. Calculate the highest common factor of o and i.
24
Let y(u) = -4 + 0 - 5 - 2*u + 3. Let p be y(-5). Suppose 10 = -2*j + p*j. What is the greatest common factor of 15 and j?
5
Let t be (38 + 4)/7 - 8. Let u(b) = -4*b**3 - 2*b**2 + 4*b + 17. Let w be u(t). Calculate the greatest common divisor of 88 and w.
11
Let v(c) = c**2 - 2*c + 1. Let l(i) = -3*i**2 - 4*i - 70. Let t(d) = -l(d) - 4*v(d). Let f be t(12). What is the greatest common divisor of f and 99?
33
Suppose -662 = -5*o + 3*u, 9*o + 4*u = 6*o + 374. Let w be 1096/14 + (-6)/21. What is the highest common divisor of w and o?
26
Let y(x) = -4*x**2 + 3 + x + 3 + 4*x + 0 + x**3. Let v be y(5). Suppose 55*h = v*h - 96. Calculate the highest common divisor of h and 24.
24
Let q(z) = 2*z**2 + 3*z - 6. Let l be q(-6). Let w = -60438 - -60453. What is the greatest common divisor of l and w?
3
Let f(x) = x - 4. Let z be f(-8). Let u be ((-231)/(-6) - 3) + (-18)/z. Suppose 1589 + 76 = 9*i. Calculate the highest common divisor of i and u.
37
Let l(g) = 83*g**2 - 6*g + 1. Let r be l(-2). Suppose -3*y - r = -387. Calculate the greatest common divisor of y and 378.
14
Suppose -204*a + 248*a = 176. Let b = -22 + 44. Let f = b + a. What is the greatest common factor of 130 and f?
26
Suppose 0 = 2*f + 3*x + 27 - 13, -24 = 5*f + 2*x. Let d be 3152/88 + 138/33 + f. Calculate the greatest common divisor of d and 162.
18
Let d = 11216 - 11136. What is the greatest common divisor of d and 146?
2
Let y(f) = 2*f**2 - 10*f - 2. Let n be y(5). Let g be -119*(-2 + n + 3). Let d be 1*(12/(-4) - -20). What is the highest common divisor of g and d?
17
Suppose -26*i + 24*i + 1950 = 0. Calculate the highest common divisor of i and 225.
75
Let q = -175 + 171. Suppose 0 = p + 12 - 10. Let j be q + (81/(-6))/(p/48). What is the highest common divisor of 40 and j?
40
Suppose 7*f - 539 = 6*f - 2*t, f - 3*t - 569 = 0. What is the highest common factor of 58 and f?
29
Let c = -76 + 158. Suppose o = -o + 8. Suppose -2*x + 405 = -u, -3*x + o*u + 477 + 118 = 0. What is the highest common factor of c and x?
41
Let y be (-16)/(-3) + 6/9. Suppose -74795 = 134*j - 76403. Calculate the highest common factor of j and y.
6
Let w = 10276 - 8565. What is the highest common divisor of w and 118?
59
Suppose 0 = 35*n + 611*n + 103*n - 6741. Suppose 5*d - 1107 = 1278. Calculate the greatest common divisor of n and d.
9
Let n(c) = 16*c + 807. Let w be n(0). Suppose 0 = 15*t - w - 138. What is the greatest common divisor of 14 and t?
7
Let a be (-1)/(9 - 4 - (-744)/(-148)). Suppose 0 = 15*g - 10088 - a. Calculate the greatest common factor of g and 27.
27
Suppose 30*h = 86*h - 2856. Suppose -2*m + 7*m = 2295. What is the greatest common factor of m and h?
51
Let m = -1276 + 1296. What is the highest common factor of m and 145?
5
Let i be 1/2*(10 + 2). Suppose 0 = i*h - 2*h - 176. Let v(y) = 2*y + 14. Let g be v(-5). Calculate the greatest common divisor of h and g.
4
Let s be 210/66 + 4/(-22) - 4. Let i be (28/12)/s*(-2 - 1). Suppose y = 5*j - i, y + 4*y = -3*j + 21. What is the greatest common factor of 1 and j?
1
Let r = 3 + 1. Suppose -5*a = -r*a - 19. Let u(l) = l**2 + 9*l + 109. Let v be u(-7). What is the highest common divisor of a and v?
19
Suppose 4*h - h = 9. Suppose 0 = -i - 4*q + 60, -5*i - h*q + 7*q + 276 = 0. Let r be (16/(-19))/(126/(-1197)). What is the greatest common divisor of i and r?
8
Let h be 6*((-3 - -220) + 3 + -3). Suppose -w = -4*c + h, 6*c - 2*c + 5*w - 1290 = 0. Calculate the greatest common divisor of c and 25.
25
Let x be (6/4 + 4/4)*-2. Suppose -3*v - 4*c = 1, -3*v - 3 = v + 5*c. Let d be 74 + (-4 - v) + x. Calculate the greatest common divisor of d and 8.
8
Suppose -4*g = 3*t + 2*t - 213, 4*g - 4*t - 240 = 0. Let w be -10 + (46 - 6) + 293. Calculate the highest common factor of w and g.
19
Let r be 639 - 546 - (1 + -18). What is the greatest common factor of 9614 and r?
22
Suppose 32*t - 6*t = 130. Suppose -2*l + 12 = l. Suppose t*b = l*b + 70. Calculate the greatest common factor of 10 and b.
10
Suppose 23*g + 450 = -7*g. Let a(v) = -v**3 - 14*v**2 + 14*v + 29. Let n be a(g). What is the highest common factor of 44 and n?
44
Let l be (107472/(-15))/(32/(-5) + 6). Calculate the highest common factor of l and 8.
8
Suppose 0 = -w - 5, -50*y + 55*y - 1140 = -4*w. What is the highest common divisor of y and 56?
8
Suppose -2*f + 15 = -5*p, f - p = 2*p + 8. Let b be -11 - -1263 - 6/(-3). Suppose -r + b = f*r. What is the greatest common divisor of r and 19?
19
Let u(v) = 61*v**3 + 7*v**2 - 25*v + 13. Let o be u(4). What is the highest common divisor of o and 1?
1
Let z(p) = -2*p**2 - 52*p - 80. Let k be z(-21). Let b be (k/78)/((-5)/(-18)). Let d be 6/(-12) - 10/(-4). Calculate the highest common divisor of b and d.
2
Let o be 11042/10 + (-111)/555. What is the highest common divisor of 156 and o?
12
Let z = -14760 + 26375. Calculate the greatest common divisor of 115 and z.
115
Suppose 223 - 31 = 30*h - 108. Let d = 103 - 23. Calculate the greatest common divisor of d and h.
10
Suppose -g = -0*g - 17078 - 8005. What is the greatest common factor of 54 and g?
27
Let v = -70 - -146. Let g = v + -22. Let f = g + -53. What is the highest common factor of 10 and f?
1
Let i = -440 - -443. Suppose 5*j - 201 = -i*l, 5*j + l - 198 = -3*l. What is the greatest common factor of 112 and j?
14
Suppose 5*h = h + 12. Let j(z) = 4*z**2 - 21*z + 52. Let y be j(h). What is the highest common divisor of 30 and y?
5
Let d(p) = -6*p - 13. Let s be d(-3). Let y be (-7)/(s/(-1 + -24)). Calculate the highest common divisor of y and 14.
7
Let a = 454 - 447. Suppose f - 15 = 2*s, -8*f - 5*s + 15 = -a*f. Calculate the greatest common divisor of f and 21.
3
Let b(y) = 5*y**2 + 212*y - 388. Let s be b(-46). What is the greatest common divisor of s and 4136?
88
Suppose 39*m - 14*m = 0. Suppose 2*z - 2*c = 16, 5*z + c - 28 + 6 = m. What is the highest common factor of z and 1?
1
Suppose -2490 - 42 = -224*v + 13*v. What is the greatest common divisor of v and 8?
4
Su